{"id":333,"date":"2021-08-04T20:11:14","date_gmt":"2021-08-04T23:11:14","guid":{"rendered":"http:\/\/prontoind.com.br\/?page_id=333"},"modified":"2021-09-27T18:30:03","modified_gmt":"2021-09-27T21:30:03","slug":"consultoria-industrial","status":"publish","type":"page","link":"https:\/\/prontoind.com.br\/index.php\/consultoria-industrial\/","title":{"rendered":"Consultoria"},"content":{"rendered":"\t\t<div data-elementor-type=\"wp-page\" data-elementor-id=\"333\" class=\"elementor elementor-333\" data-elementor-settings=\"[]\">\n\t\t\t\t\t\t<div class=\"elementor-inner\">\n\t\t\t\t\t\t\t<div class=\"elementor-section-wrap\">\n\t\t\t\t\t\t\t<section class=\"elementor-section elementor-top-section elementor-element elementor-element-96f53b1 elementor-section-boxed elementor-section-height-default elementor-section-height-default\" data-id=\"96f53b1\" data-element_type=\"section\">\n\t\t\t\t\t\t<div class=\"elementor-container elementor-column-gap-default\">\n\t\t\t\t\t\t\t<div class=\"elementor-row\">\n\t\t\t\t\t<div class=\"elementor-column elementor-col-100 elementor-top-column elementor-element elementor-element-918c966\" data-id=\"918c966\" data-element_type=\"column\">\n\t\t\t<div class=\"elementor-column-wrap elementor-element-populated\">\n\t\t\t\t\t\t\t<div class=\"elementor-widget-wrap\">\n\t\t\t\t\t\t<div class=\"elementor-element elementor-element-4cc8d2a elementor-widget elementor-widget-heading\" data-id=\"4cc8d2a\" data-element_type=\"widget\" data-widget_type=\"heading.default\">\n\t\t\t\t<div class=\"elementor-widget-container\">\n\t\t\t<h2 class=\"elementor-heading-title elementor-size-default\">CONSULTORIA PERSONALIZADA<\/h2>\t\t<\/div>\n\t\t\t\t<\/div>\n\t\t\t\t<div class=\"elementor-element elementor-element-f7a063d elementor-widget-divider--view-line elementor-widget elementor-widget-divider\" data-id=\"f7a063d\" data-element_type=\"widget\" data-widget_type=\"divider.default\">\n\t\t\t\t<div class=\"elementor-widget-container\">\n\t\t\t\t\t<div class=\"elementor-divider\">\n\t\t\t<span class=\"elementor-divider-separator\">\n\t\t\t\t\t\t<\/span>\n\t\t<\/div>\n\t\t\t\t<\/div>\n\t\t\t\t<\/div>\n\t\t\t\t\t\t<\/div>\n\t\t\t\t\t<\/div>\n\t\t<\/div>\n\t\t\t\t\t\t\t\t<\/div>\n\t\t\t\t\t<\/div>\n\t\t<\/section>\n\t\t\t\t<section class=\"elementor-section elementor-top-section elementor-element elementor-element-05d7c16 elementor-section-boxed elementor-section-height-default elementor-section-height-default\" data-id=\"05d7c16\" data-element_type=\"section\">\n\t\t\t\t\t\t<div class=\"elementor-container elementor-column-gap-default\">\n\t\t\t\t\t\t\t<div class=\"elementor-row\">\n\t\t\t\t\t<div class=\"elementor-column elementor-col-33 elementor-top-column elementor-element elementor-element-56d78d4\" data-id=\"56d78d4\" data-element_type=\"column\">\n\t\t\t<div class=\"elementor-column-wrap elementor-element-populated\">\n\t\t\t\t\t\t\t<div class=\"elementor-widget-wrap\">\n\t\t\t\t\t\t<div class=\"elementor-element elementor-element-40e2314 elementor-widget elementor-widget-image\" data-id=\"40e2314\" data-element_type=\"widget\" data-widget_type=\"image.default\">\n\t\t\t\t<div class=\"elementor-widget-container\">\n\t\t\t\t\t\t\t\t<div class=\"elementor-image\">\n\t\t\t\t\t\t\t\t\t\t\t\t<img decoding=\"async\" width=\"696\" height=\"339\" src=\"https:\/\/prontoind.com.br\/wp-content\/uploads\/2021\/08\/pesquisa-de-mercado.jpg\" class=\"attachment-large size-large\" alt=\"pesquisa merc\" srcset=\"https:\/\/prontoind.com.br\/wp-content\/uploads\/2021\/08\/pesquisa-de-mercado.jpg 960w, https:\/\/prontoind.com.br\/wp-content\/uploads\/2021\/08\/pesquisa-de-mercado-300x146.jpg 300w, https:\/\/prontoind.com.br\/wp-content\/uploads\/2021\/08\/pesquisa-de-mercado-768x374.jpg 768w\" sizes=\"(max-width: 696px) 100vw, 696px\" \/>\t\t\t\t\t\t\t\t\t\t\t\t\t\t<\/div>\n\t\t\t\t\t\t<\/div>\n\t\t\t\t<\/div>\n\t\t\t\t\t\t<\/div>\n\t\t\t\t\t<\/div>\n\t\t<\/div>\n\t\t\t\t<div class=\"elementor-column elementor-col-66 elementor-top-column elementor-element elementor-element-92c5358\" data-id=\"92c5358\" data-element_type=\"column\">\n\t\t\t<div class=\"elementor-column-wrap elementor-element-populated\">\n\t\t\t\t\t\t\t<div class=\"elementor-widget-wrap\">\n\t\t\t\t\t\t<div class=\"elementor-element elementor-element-74d0036 elementor-widget elementor-widget-text-editor\" data-id=\"74d0036\" data-element_type=\"widget\" data-widget_type=\"text-editor.default\">\n\t\t\t\t<div class=\"elementor-widget-container\">\n\t\t\t\t\t\t\t\t<div class=\"elementor-text-editor elementor-clearfix\">\n\t\t\t\t<p><span lang=\"PT-BR\">Servi\u00e7o de consultoria direcionada a montagem de ind\u00fastria ou f\u00e1brica especifica. <\/span><\/p><p><span lang=\"PT-BR\">Basicamente este servi\u00e7o visa avalizar o projeto industrial, demonstrando sua viabilidade ou inviabilidade, ancorada por dados t\u00e9cnicos, processados por meio de um m\u00e9todo aplicativo, que culminar\u00e1 com a elabora\u00e7\u00e3o de relat\u00f3rio final e ou plano de neg\u00f3cio aplicativo.\u00a0 <\/span><\/p><p><span lang=\"PT-BR\">Todo o processo \u00e9 direcionado por nossa equipe t\u00e9cnica, por\u00e9m com a participa\u00e7\u00e3o e valida\u00e7\u00e3o constante do gestor do projeto ou empreendedor contratante.\u00a0 <\/span><\/p><p><span lang=\"PT-BR\">\u00a0<\/span><span style=\"font-family: var( --e-global-typography-text-font-family ), Sans-serif; font-weight: var( --e-global-typography-text-font-weight ); font-size: 0.9375rem;\">Este processo leva em considera\u00e7\u00e3o fatores como:<br \/><\/span><span style=\"font-family: var( --e-global-typography-text-font-family ), Sans-serif; font-weight: var( --e-global-typography-text-font-weight ); font-size: 0.9375rem;\">* Qualidade e disponibilidade de mat\u00e9rias primas;<br \/><\/span><span style=\"font-family: var( --e-global-typography-text-font-family ), Sans-serif; font-weight: var( --e-global-typography-text-font-weight ); font-size: 0.9375rem;\">* Mapeamento do mercado alvo;<br \/><\/span><span style=\"font-family: var( --e-global-typography-text-font-family ), Sans-serif; font-weight: var( --e-global-typography-text-font-weight ); font-size: 0.9375rem;\">* Identifica\u00e7\u00e3o de oportunidades de mercado, para posicionamento do produto a ser desenvolvido;<br \/><\/span><span style=\"font-family: var( --e-global-typography-text-font-family ), Sans-serif; font-weight: var( --e-global-typography-text-font-weight ); font-size: 0.9375rem;\">*Avalia\u00e7\u00e3o ou indica\u00e7\u00e3o de perfil do local de instala\u00e7\u00e3o;<br \/><\/span><span style=\"font-family: var( --e-global-typography-text-font-family ), Sans-serif; font-weight: var( --e-global-typography-text-font-weight ); font-size: 0.9375rem;\">* Tecnologias e processos indicados ao perfil do projeto (tipo, capacidade produ\u00e7\u00e3o, valor dispon\u00edvel para investimento);<br \/><\/span><span style=\"font-family: var( --e-global-typography-text-font-family ), Sans-serif; font-weight: var( --e-global-typography-text-font-weight ); font-size: 0.9375rem;\">* Estimativas de Custos de instala\u00e7\u00e3o e implanta\u00e7\u00e3o;<br \/><\/span><span style=\"font-family: var( --e-global-typography-text-font-family ), Sans-serif; font-weight: var( --e-global-typography-text-font-weight ); font-size: 0.9375rem;\">*Levantamento b\u00e1sico de fornecedores e parceiros necess\u00e1rios ao bom funcionamento da ind\u00fastria ou fabrica;<br \/><\/span><span style=\"font-family: var( --e-global-typography-text-font-family ), Sans-serif; font-weight: var( --e-global-typography-text-font-weight ); font-size: 0.9375rem;\">*Proje\u00e7\u00e3o de custos de produ\u00e7\u00e3o, e precifica\u00e7\u00e3o;<br \/><\/span><span style=\"font-family: var( --e-global-typography-text-font-family ), Sans-serif; font-weight: var( --e-global-typography-text-font-weight ); font-size: 0.9375rem;\">*Elabora\u00e7\u00e3o de cen\u00e1rios com proje\u00e7\u00e3o de margem lucro, ponto de equil\u00edbrio, payback;<\/span><\/p><p><span lang=\"PT-BR\">\u00a0<\/span><span style=\"font-family: var( --e-global-typography-text-font-family ), Sans-serif; font-weight: var( --e-global-typography-text-font-weight ); font-size: 0.9375rem;\">A ideia \u00e9 que ao t\u00e9rmino deste processo o gestor ou empreendedor respons\u00e1vel, esteja n\u00e3o s\u00f3 esteja seguro quanto ao projeto como desenvolva a capacidade de desenvolver um plano de a\u00e7\u00e3o a partir do conhecimento adquirido durante o processo.<\/span><\/p>\t\t\t\t\t<\/div>\n\t\t\t\t\t\t<\/div>\n\t\t\t\t<\/div>\n\t\t\t\t\t\t<\/div>\n\t\t\t\t\t<\/div>\n\t\t<\/div>\n\t\t\t\t\t\t\t\t<\/div>\n\t\t\t\t\t<\/div>\n\t\t<\/section>\n\t\t\t\t\t\t<\/div>\n\t\t\t\t\t\t<\/div>\n\t\t\t\t\t<\/div>\n\t\t","protected":false},"excerpt":{"rendered":"<p>CONSULTORIA PERSONALIZADA Servi\u00e7o de consultoria direcionada a montagem de ind\u00fastria ou f\u00e1brica especifica. Basicamente este servi\u00e7o visa avalizar o projeto industrial, demonstrando sua viabilidade ou inviabilidade, ancorada por dados t\u00e9cnicos, processados por meio de um m\u00e9todo aplicativo, que culminar\u00e1 com a elabora\u00e7\u00e3o de relat\u00f3rio final e ou plano de neg\u00f3cio aplicativo.\u00a0 Todo o processo \u00e9<\/p><\/div>\n<div class=\"blog-btn\"><a href=\"https:\/\/prontoind.com.br\/index.php\/consultoria-industrial\/\" class=\"home-blog-btn\">Ler mais<\/a><\/p>\n","protected":false},"author":2,"featured_media":0,"parent":0,"menu_order":0,"comment_status":"closed","ping_status":"closed","template":"elementor_header_footer","meta":{"footnotes":""},"class_list":["post-333","page","type-page","status-publish","hentry"],"yoast_head":"<!-- This site is optimized with the Yoast SEO plugin v17.2 - https:\/\/yoast.com\/wordpress\/plugins\/seo\/ -->\n<title>consultoria para montar ind\u00fastria<\/title>\n<meta name=\"description\" content=\"Quer montar uma micro ou pequena ind\u00fastria mas n\u00e3o sabe por onde come\u00e7ar? N\u00f3s da PRONTO IND podemos lhe entregar seu neg\u00f3cio &quot;chave na m\u00e3o&quot;.\" \/>\n<meta name=\"robots\" content=\"index, follow, max-snippet:-1, max-image-preview:large, max-video-preview:-1\" \/>\n<link rel=\"canonical\" href=\"https:\/\/prontoind.com.br\/index.php\/consultoria-industrial\/\" \/>\n<meta property=\"og:locale\" content=\"pt_BR\" \/>\n<meta property=\"og:type\" content=\"article\" \/>\n<meta property=\"og:title\" content=\"consultoria para montar ind\u00fastria\" \/>\n<meta property=\"og:description\" content=\"Quer montar uma micro ou pequena ind\u00fastria mas n\u00e3o sabe por onde come\u00e7ar? N\u00f3s da PRONTO IND podemos lhe entregar seu neg\u00f3cio &quot;chave na m\u00e3o&quot;.\" \/>\n<meta property=\"og:url\" content=\"https:\/\/prontoind.com.br\/index.php\/consultoria-industrial\/\" \/>\n<meta property=\"og:site_name\" content=\"Pronto Ind\" \/>\n<meta property=\"article:modified_time\" content=\"2021-09-27T21:30:03+00:00\" \/>\n<meta property=\"og:image\" content=\"http:\/\/prontoind.com.br\/wp-content\/uploads\/2021\/08\/pesquisa-de-mercado.jpg\" \/>\n<meta name=\"twitter:card\" content=\"summary_large_image\" \/>\n<meta name=\"twitter:label1\" content=\"Est. tempo de leitura\" \/>\n\t<meta name=\"twitter:data1\" content=\"2 minutos\" \/>\n<script type=\"application\/ld+json\" class=\"yoast-schema-graph\">{\"@context\":\"https:\/\/schema.org\",\"@graph\":[{\"@type\":\"WebSite\",\"@id\":\"https:\/\/prontoind.com.br\/#website\",\"url\":\"https:\/\/prontoind.com.br\/\",\"name\":\"Pronto Ind\",\"description\":\"Solu\\u00e7\\u00f5es para pequenas ind\\u00fastrias\",\"potentialAction\":[{\"@type\":\"SearchAction\",\"target\":{\"@type\":\"EntryPoint\",\"urlTemplate\":\"https:\/\/prontoind.com.br\/?s={search_term_string}\"},\"query-input\":\"required name=search_term_string\"}],\"inLanguage\":\"pt-BR\"},{\"@type\":\"ImageObject\",\"@id\":\"https:\/\/prontoind.com.br\/index.php\/consultoria-industrial\/#primaryimage\",\"inLanguage\":\"pt-BR\",\"url\":\"http:\/\/prontoind.com.br\/wp-content\/uploads\/2021\/08\/pesquisa-de-mercado.jpg\",\"contentUrl\":\"http:\/\/prontoind.com.br\/wp-content\/uploads\/2021\/08\/pesquisa-de-mercado.jpg\"},{\"@type\":\"WebPage\",\"@id\":\"https:\/\/prontoind.com.br\/index.php\/consultoria-industrial\/#webpage\",\"url\":\"https:\/\/prontoind.com.br\/index.php\/consultoria-industrial\/\",\"name\":\"consultoria para montar ind\\u00fastria\",\"isPartOf\":{\"@id\":\"https:\/\/prontoind.com.br\/#website\"},\"primaryImageOfPage\":{\"@id\":\"https:\/\/prontoind.com.br\/index.php\/consultoria-industrial\/#primaryimage\"},\"datePublished\":\"2021-08-04T23:11:14+00:00\",\"dateModified\":\"2021-09-27T21:30:03+00:00\",\"description\":\"Quer montar uma micro ou pequena ind\\u00fastria mas n\\u00e3o sabe por onde come\\u00e7ar? N\\u00f3s da PRONTO IND podemos lhe entregar seu neg\\u00f3cio \\\"chave na m\\u00e3o\\\".\",\"breadcrumb\":{\"@id\":\"https:\/\/prontoind.com.br\/index.php\/consultoria-industrial\/#breadcrumb\"},\"inLanguage\":\"pt-BR\",\"potentialAction\":[{\"@type\":\"ReadAction\",\"target\":[\"https:\/\/prontoind.com.br\/index.php\/consultoria-industrial\/\"]}]},{\"@type\":\"BreadcrumbList\",\"@id\":\"https:\/\/prontoind.com.br\/index.php\/consultoria-industrial\/#breadcrumb\",\"itemListElement\":[{\"@type\":\"ListItem\",\"position\":1,\"name\":\"In\\u00edcio\",\"item\":\"https:\/\/prontoind.com.br\/\"},{\"@type\":\"ListItem\",\"position\":2,\"name\":\"Consultoria\"}]}]}<\/script>\n<!-- \/ Yoast SEO plugin. -->","yoast_head_json":{"title":"consultoria para montar ind\u00fastria","description":"Quer montar uma micro ou pequena ind\u00fastria mas n\u00e3o sabe por onde come\u00e7ar? N\u00f3s da PRONTO IND podemos lhe entregar seu neg\u00f3cio \"chave na m\u00e3o\".","robots":{"index":"index","follow":"follow","max-snippet":"max-snippet:-1","max-image-preview":"max-image-preview:large","max-video-preview":"max-video-preview:-1"},"canonical":"https:\/\/prontoind.com.br\/index.php\/consultoria-industrial\/","og_locale":"pt_BR","og_type":"article","og_title":"consultoria para montar ind\u00fastria","og_description":"Quer montar uma micro ou pequena ind\u00fastria mas n\u00e3o sabe por onde come\u00e7ar? N\u00f3s da PRONTO IND podemos lhe entregar seu neg\u00f3cio \"chave na m\u00e3o\".","og_url":"https:\/\/prontoind.com.br\/index.php\/consultoria-industrial\/","og_site_name":"Pronto Ind","article_modified_time":"2021-09-27T21:30:03+00:00","og_image":[{"url":"http:\/\/prontoind.com.br\/wp-content\/uploads\/2021\/08\/pesquisa-de-mercado.jpg"}],"twitter_card":"summary_large_image","twitter_misc":{"Est. tempo de leitura":"2 minutos"},"schema":{"@context":"https:\/\/schema.org","@graph":[{"@type":"WebSite","@id":"https:\/\/prontoind.com.br\/#website","url":"https:\/\/prontoind.com.br\/","name":"Pronto Ind","description":"Solu\u00e7\u00f5es para pequenas ind\u00fastrias","potentialAction":[{"@type":"SearchAction","target":{"@type":"EntryPoint","urlTemplate":"https:\/\/prontoind.com.br\/?s={search_term_string}"},"query-input":"required name=search_term_string"}],"inLanguage":"pt-BR"},{"@type":"ImageObject","@id":"https:\/\/prontoind.com.br\/index.php\/consultoria-industrial\/#primaryimage","inLanguage":"pt-BR","url":"http:\/\/prontoind.com.br\/wp-content\/uploads\/2021\/08\/pesquisa-de-mercado.jpg","contentUrl":"http:\/\/prontoind.com.br\/wp-content\/uploads\/2021\/08\/pesquisa-de-mercado.jpg"},{"@type":"WebPage","@id":"https:\/\/prontoind.com.br\/index.php\/consultoria-industrial\/#webpage","url":"https:\/\/prontoind.com.br\/index.php\/consultoria-industrial\/","name":"consultoria para montar ind\u00fastria","isPartOf":{"@id":"https:\/\/prontoind.com.br\/#website"},"primaryImageOfPage":{"@id":"https:\/\/prontoind.com.br\/index.php\/consultoria-industrial\/#primaryimage"},"datePublished":"2021-08-04T23:11:14+00:00","dateModified":"2021-09-27T21:30:03+00:00","description":"Quer montar uma micro ou pequena ind\u00fastria mas n\u00e3o sabe por onde come\u00e7ar? N\u00f3s da PRONTO IND podemos lhe entregar seu neg\u00f3cio \"chave na m\u00e3o\".","breadcrumb":{"@id":"https:\/\/prontoind.com.br\/index.php\/consultoria-industrial\/#breadcrumb"},"inLanguage":"pt-BR","potentialAction":[{"@type":"ReadAction","target":["https:\/\/prontoind.com.br\/index.php\/consultoria-industrial\/"]}]},{"@type":"BreadcrumbList","@id":"https:\/\/prontoind.com.br\/index.php\/consultoria-industrial\/#breadcrumb","itemListElement":[{"@type":"ListItem","position":1,"name":"In\u00edcio","item":"https:\/\/prontoind.com.br\/"},{"@type":"ListItem","position":2,"name":"Consultoria"}]}]}},"_links":{"self":[{"href":"https:\/\/prontoind.com.br\/index.php\/wp-json\/wp\/v2\/pages\/333","targetHints":{"allow":["GET"]}}],"collection":[{"href":"https:\/\/prontoind.com.br\/index.php\/wp-json\/wp\/v2\/pages"}],"about":[{"href":"https:\/\/prontoind.com.br\/index.php\/wp-json\/wp\/v2\/types\/page"}],"author":[{"embeddable":true,"href":"https:\/\/prontoind.com.br\/index.php\/wp-json\/wp\/v2\/users\/2"}],"replies":[{"embeddable":true,"href":"https:\/\/prontoind.com.br\/index.php\/wp-json\/wp\/v2\/comments?post=333"}],"version-history":[{"count":9,"href":"https:\/\/prontoind.com.br\/index.php\/wp-json\/wp\/v2\/pages\/333\/revisions"}],"predecessor-version":[{"id":571,"href":"https:\/\/prontoind.com.br\/index.php\/wp-json\/wp\/v2\/pages\/333\/revisions\/571"}],"wp:attachment":[{"href":"https:\/\/prontoind.com.br\/index.php\/wp-json\/wp\/v2\/media?parent=333"}],"curies":[{"name":"wp","href":"https:\/\/api.w.org\/{rel}","templated":true}]}}